{"id":98,"date":"2021-02-01T15:06:10","date_gmt":"2021-02-01T15:06:10","guid":{"rendered":"http:\/\/rasarta.lt\/?post_type=product&#038;p=98"},"modified":"2026-01-13T13:11:08","modified_gmt":"2026-01-13T11:11:08","slug":"true-iconic-5s-serum","status":"publish","type":"product","link":"https:\/\/rasarta.lt\/?product=true-iconic-5s-serum","title":{"rendered":"True Iconic 5S Serum"},"content":{"rendered":"<p>Naujausias True Iconic produktas- maitinamasis serumas, kuris gali b\u016bti naudojamas kasdienei kailio prie\u017ei\u016brai, taip pat ir \u0161ou groomingui<br \/>\nSerumo naudojimas i\u0161sprend\u017eia tokius svarbius klausimus kaip kailio blizgesys, suglotninimas, mityba, dr\u0117gm\u0117 ir plauk\u0173 stiprumas. Dar viena labai svarbi serumo savyb\u0117 ta, kad jis neturi formul\u0117je jokio silikono. Panaudojus visi\u0161kai n\u0117ra poreikio po to nuplauti, skirtingai nuo kit\u0173 tokio tipo produkt\u0173. \u0160is produktas buvo sukurtas visi\u0161kai be joki\u0173 silikon\u0173, kurie galb\u016bt ir suteikia sveiko kaio i\u0161vaizd\u0105, ta\u010diau ilgainiui naudojant priemones silikono pagrindu, jos suardo plauko strukt\u016br\u0105.<br \/>\nB\u016btent tod\u0117l True Iconic gamintojai nusprend\u0117 sukurti galb\u016bt ir brangesn\u012f produkt\u0105 nei silikoniniai, ta\u010diau jis vis\u0161kai 100% saugus ir naudingas kailiui.<\/p>\n<p>P a k u o t \u0117:<br \/>\n180 ml<\/p>\n","protected":false},"excerpt":{"rendered":"<p>Naujausias True Iconic produktas- maitinamasis serumas, kuris gali b\u016bti naudojamas kasdienei kailio prie\u017ei\u016brai, taip pat ir \u0161ou groomingui Serumo naudojimas i\u0161sprend\u017eia tokius svarbius klausimus kaip kailio blizgesys, suglotninimas, mityba, dr\u0117gm\u0117 ir plauk\u0173 stiprumas. Dar viena labai svarbi serumo savyb\u0117 ta, kad jis neturi formul\u0117je jokio silikono. Panaudojus visi\u0161kai n\u0117ra poreikio po to nuplauti, skirtingai nuo [&hellip;]<\/p>\n","protected":false},"featured_media":666,"template":"","meta":[],"product_brand":[84],"product_cat":[21],"product_tag":[138,94,86,137],"class_list":{"0":"post-98","1":"product","2":"type-product","3":"status-publish","4":"has-post-thumbnail","6":"product_brand-true-iconic","7":"product_cat-kita","8":"product_tag-5s-serum","9":"product_tag-serumas","10":"product_tag-true-iconic","11":"product_tag-true-iconic-5s-serum","13":"first","14":"outofstock","15":"taxable","16":"shipping-taxable","17":"purchasable","18":"product-type-variable","19":"has-default-attributes"},"jetpack_sharing_enabled":true,"_links":{"self":[{"href":"https:\/\/rasarta.lt\/index.php?rest_route=\/wp\/v2\/product\/98","targetHints":{"allow":["GET"]}}],"collection":[{"href":"https:\/\/rasarta.lt\/index.php?rest_route=\/wp\/v2\/product"}],"about":[{"href":"https:\/\/rasarta.lt\/index.php?rest_route=\/wp\/v2\/types\/product"}],"wp:featuredmedia":[{"embeddable":true,"href":"https:\/\/rasarta.lt\/index.php?rest_route=\/wp\/v2\/media\/666"}],"wp:attachment":[{"href":"https:\/\/rasarta.lt\/index.php?rest_route=%2Fwp%2Fv2%2Fmedia&parent=98"}],"wp:term":[{"taxonomy":"product_brand","embeddable":true,"href":"https:\/\/rasarta.lt\/index.php?rest_route=%2Fwp%2Fv2%2Fproduct_brand&post=98"},{"taxonomy":"product_cat","embeddable":true,"href":"https:\/\/rasarta.lt\/index.php?rest_route=%2Fwp%2Fv2%2Fproduct_cat&post=98"},{"taxonomy":"product_tag","embeddable":true,"href":"https:\/\/rasarta.lt\/index.php?rest_route=%2Fwp%2Fv2%2Fproduct_tag&post=98"}],"curies":[{"name":"wp","href":"https:\/\/api.w.org\/{rel}","templated":true}]}}