{"id":379,"date":"2021-02-02T15:32:03","date_gmt":"2021-02-02T15:32:03","guid":{"rendered":"http:\/\/rasarta.lt\/?post_type=product&#038;p=379"},"modified":"2026-01-13T12:18:45","modified_gmt":"2026-01-13T10:18:45","slug":"pure-paws-silk-basics-sampunas","status":"publish","type":"product","link":"https:\/\/rasarta.lt\/?product=pure-paws-silk-basics-sampunas","title":{"rendered":"Pure Paws Silk Basics \u0161amp\u016bnas"},"content":{"rendered":"<ul>\n<li>SPA \u0161amp\u016bnas su \u0161ilko proteinais, skirtas krentant\u012f kail\u012f turin\u010dioms \u0161un\u0173 veisl\u0117ms (pvz. Jork\u0161yro terjerams, Maltos bi\u0161onams, Lasos apsams, \u0160i-cu, spanieliams, Afgan\u0173 kurtams, Havanos bi\u0161onams ir kt.);<\/li>\n<li>\u0161ilkinis SPA kurortas j\u016bs\u0173 augintinio kailiui. \u0160amp\u016bnas praturtintas \u0161ilko ir augaliniais ekstraktais, suteikian\u010diais kailiui blizgesio ir sveikumo. Kailis taps blizgus, elastingas, \u0161ilkinis ir labai sveikas;<\/li>\n<li>labai lengvai \u0161ukuojami plaukai;<\/li>\n<li>\u0161ilko proteinai suglosto kiekvieno plauko pavir\u0161i\u0173 be kailio apsunkinimo. Suteikia ypatingo gyvybingumo, ir kailis su kiekviena diena tampa vis stipresnis;<\/li>\n<li>sud\u0117tyje esantis keratinas \u2013 tai stiprus ir sveikas kailis. \u0160ilko amino r\u016bg\u0161tys &#8211; tai blizgesys, pa\u017eeist\u0173 plauk\u0173 stiprinimas. Pantenolis ir vit. B12 \u2013 ma\u017eina v\u0117lim\u0105si ir atstato kailio apimt\u012f. Aloe Vera ekstraktas \u2013 gydo pa\u017eeist\u0105 od\u0105, suteikia plaukams blizgesio;<\/li>\n<\/ul>\n<p><u>Naudojimas:<\/u><\/p>\n<p>Naudojamas gali b\u016bti kaip antras \u0161amp\u016bnas, po maudymo\u00a0<i>Ultra Brightening Shampoo<\/i>\u00a0arba\u00a0<i>Factor O Shampoo<\/i>\u00a0ruo\u0161iant \u0161uniuk\u0105 parodai arba kaip pagrindinis \u0161amp\u016bnas tarp parodiniu laikotarpiu. Gali b\u016bti naudojamas net ir kasdien, jei tam yra poreikis. Skiesti vandeniu 1: 10, 1:8. Rezultato pagerinimui rekomenduojama perplauti du kartus ir naudoti kartu su kitais\u00a0<i>Silk Basics<\/i>\u00a0linijos produktais<\/p>\n","protected":false},"excerpt":{"rendered":"<p>SPA \u0161amp\u016bnas su \u0161ilko proteinais, skirtas krentant\u012f kail\u012f turin\u010dioms \u0161un\u0173 veisl\u0117ms (pvz. Jork\u0161yro terjerams, Maltos bi\u0161onams, Lasos apsams, \u0160i-cu, spanieliams, Afgan\u0173 kurtams, Havanos bi\u0161onams ir kt.); \u0161ilkinis SPA kurortas j\u016bs\u0173 augintinio kailiui. \u0160amp\u016bnas praturtintas \u0161ilko ir augaliniais ekstraktais, suteikian\u010diais kailiui blizgesio ir sveikumo. Kailis taps blizgus, elastingas, \u0161ilkinis ir labai sveikas; labai lengvai \u0161ukuojami plaukai; [&hellip;]<\/p>\n","protected":false},"featured_media":635,"template":"","meta":[],"product_brand":[97],"product_cat":[28,51],"product_tag":[91,107,92,109,108,95],"class_list":{"0":"post-379","1":"product","2":"type-product","3":"status-publish","4":"has-post-thumbnail","6":"product_brand-pure-paws","7":"product_cat-sampunai-p","8":"product_cat-silk-basics-linija","9":"product_tag-pure-paws","10":"product_tag-pure-paws-silk-basics-sampunas","11":"product_tag-purepaws","12":"product_tag-sampunas","13":"product_tag-silk-basics-sampunas","14":"product_tag-sillk-basics","16":"first","17":"outofstock","18":"taxable","19":"shipping-taxable","20":"purchasable","21":"product-type-variable","22":"has-default-attributes"},"jetpack_sharing_enabled":true,"_links":{"self":[{"href":"https:\/\/rasarta.lt\/index.php?rest_route=\/wp\/v2\/product\/379","targetHints":{"allow":["GET"]}}],"collection":[{"href":"https:\/\/rasarta.lt\/index.php?rest_route=\/wp\/v2\/product"}],"about":[{"href":"https:\/\/rasarta.lt\/index.php?rest_route=\/wp\/v2\/types\/product"}],"wp:featuredmedia":[{"embeddable":true,"href":"https:\/\/rasarta.lt\/index.php?rest_route=\/wp\/v2\/media\/635"}],"wp:attachment":[{"href":"https:\/\/rasarta.lt\/index.php?rest_route=%2Fwp%2Fv2%2Fmedia&parent=379"}],"wp:term":[{"taxonomy":"product_brand","embeddable":true,"href":"https:\/\/rasarta.lt\/index.php?rest_route=%2Fwp%2Fv2%2Fproduct_brand&post=379"},{"taxonomy":"product_cat","embeddable":true,"href":"https:\/\/rasarta.lt\/index.php?rest_route=%2Fwp%2Fv2%2Fproduct_cat&post=379"},{"taxonomy":"product_tag","embeddable":true,"href":"https:\/\/rasarta.lt\/index.php?rest_route=%2Fwp%2Fv2%2Fproduct_tag&post=379"}],"curies":[{"name":"wp","href":"https:\/\/api.w.org\/{rel}","templated":true}]}}