{"id":374,"date":"2021-02-02T15:22:45","date_gmt":"2021-02-02T15:22:45","guid":{"rendered":"http:\/\/rasarta.lt\/?post_type=product&#038;p=374"},"modified":"2026-01-13T12:55:01","modified_gmt":"2026-01-13T10:55:01","slug":"pure-paws-strengthening-kondicionierius","status":"publish","type":"product","link":"https:\/\/rasarta.lt\/?product=pure-paws-strengthening-kondicionierius","title":{"rendered":"Pure Paws Forte Strengthening kondicionierius"},"content":{"rendered":"<p><u>Sud\u0117tis:<\/u><\/p>\n<ul>\n<li>Keratinas &#8211; praturtina kail\u012f ir od\u0105 riebiosiomis r\u016bg\u0161timis. Oda atjauninama, stimuliuojamas sveiko ir gra\u017eaus kailio augimas. Suteikiamas malonus \u0161varaus kailio aromatas;<\/li>\n<li>Pantenolis (pro &#8211; Vitaminas B5) &#8211; dr\u0117kina od\u0105, atstato pa\u017eeistus audinius;<\/li>\n<li>Jajobos aliejus \u2013 gerina kailio kokyb\u0119 ir didina plauk\u0173 elastingum\u0105. Pagerina kailio strukt\u016br\u0105 &#8211; besiveliantys, nu\u0161iur\u0119 plaukai v\u0117l taps stipr\u016bs, gra\u017e\u016bs ir blizgantys;<\/li>\n<li>Gemal\u0173 ekstraktas \u2013 i\u0161saugo kailio dr\u0117gm\u0119 ir apsaugo plaukus nuo \u017ealojimo. Skatina odos kraujotak\u0105 ir intensyvina plauk\u0173 augim\u0105;<\/li>\n<\/ul>\n<p><u>Naudojimas:<\/u><\/p>\n<p>Rekomenduojamas vis\u0173 tip\u0173 plaukams kasdienei plauk\u0173 prie\u017ei\u016brai ir siekiant maksimali\u0173 rezultat\u0173 atauginant kail\u012f. Rekomenduojama ruo\u0161imui parodoms paviln\u0119 ir \u0161iurk\u0161t\u0173 plauk\u0105 turin\u010dioms \u0161un\u0173 veisl\u0117ms, nes priduoda apimties. Skied\u017eiamas 1:8 ar 1:10.<\/p>\n<ul>\n<li>plaukus stiprinantis kondicionierius;<\/li>\n<li>pastebimai pagerina odos ir kailio b\u016bkl\u0119. Intensyvina nauj\u0173 sveik\u0173 plauk\u0173 augim\u0105, saugo ir kondicionuoja plaukus;<\/li>\n<li>pagamintas Keratino ir Pantenolio pagrindu, kurie saugo ir gydo od\u0105 bei plaukus. Sud\u0117tyje esantys jajobos aliejus ir gemal\u0173 ekstraktas teigiamai veikia od\u0105;<\/li>\n<\/ul>\n","protected":false},"excerpt":{"rendered":"<p>Sud\u0117tis: Keratinas &#8211; praturtina kail\u012f ir od\u0105 riebiosiomis r\u016bg\u0161timis. Oda atjauninama, stimuliuojamas sveiko ir gra\u017eaus kailio augimas. Suteikiamas malonus \u0161varaus kailio aromatas; Pantenolis (pro &#8211; Vitaminas B5) &#8211; dr\u0117kina od\u0105, atstato pa\u017eeistus audinius; Jajobos aliejus \u2013 gerina kailio kokyb\u0119 ir didina plauk\u0173 elastingum\u0105. Pagerina kailio strukt\u016br\u0105 &#8211; besiveliantys, nu\u0161iur\u0119 plaukai v\u0117l taps stipr\u016bs, gra\u017e\u016bs ir [&hellip;]<\/p>\n","protected":false},"featured_media":608,"template":"","meta":[],"product_brand":[97],"product_cat":[52,30],"product_tag":[110,113,99,91,114,92],"class_list":{"0":"post-374","1":"product","2":"type-product","3":"status-publish","4":"has-post-thumbnail","6":"product_brand-pure-paws","7":"product_cat-forte-linija","8":"product_cat-pure-paws-kondicionieriai","9":"product_tag-forte-strengthening","10":"product_tag-forte-strengthening-kondicionierius","11":"product_tag-kondicionierius","12":"product_tag-pure-paws","13":"product_tag-pure-paws-forte-strengthening-kondicionierius","14":"product_tag-purepaws","16":"first","17":"outofstock","18":"taxable","19":"shipping-taxable","20":"purchasable","21":"product-type-variable","22":"has-default-attributes"},"jetpack_sharing_enabled":true,"_links":{"self":[{"href":"https:\/\/rasarta.lt\/index.php?rest_route=\/wp\/v2\/product\/374","targetHints":{"allow":["GET"]}}],"collection":[{"href":"https:\/\/rasarta.lt\/index.php?rest_route=\/wp\/v2\/product"}],"about":[{"href":"https:\/\/rasarta.lt\/index.php?rest_route=\/wp\/v2\/types\/product"}],"wp:featuredmedia":[{"embeddable":true,"href":"https:\/\/rasarta.lt\/index.php?rest_route=\/wp\/v2\/media\/608"}],"wp:attachment":[{"href":"https:\/\/rasarta.lt\/index.php?rest_route=%2Fwp%2Fv2%2Fmedia&parent=374"}],"wp:term":[{"taxonomy":"product_brand","embeddable":true,"href":"https:\/\/rasarta.lt\/index.php?rest_route=%2Fwp%2Fv2%2Fproduct_brand&post=374"},{"taxonomy":"product_cat","embeddable":true,"href":"https:\/\/rasarta.lt\/index.php?rest_route=%2Fwp%2Fv2%2Fproduct_cat&post=374"},{"taxonomy":"product_tag","embeddable":true,"href":"https:\/\/rasarta.lt\/index.php?rest_route=%2Fwp%2Fv2%2Fproduct_tag&post=374"}],"curies":[{"name":"wp","href":"https:\/\/api.w.org\/{rel}","templated":true}]}}