{"id":316,"date":"2021-02-02T09:32:35","date_gmt":"2021-02-02T09:32:35","guid":{"rendered":"http:\/\/rasarta.lt\/?post_type=product&#038;p=316"},"modified":"2022-05-21T19:57:47","modified_gmt":"2022-05-21T17:57:47","slug":"pure-paws-amplify-sampunas","status":"publish","type":"product","link":"https:\/\/rasarta.lt\/?product=pure-paws-amplify-sampunas","title":{"rendered":"Pure Paws Amplify \u0161amp\u016bnas"},"content":{"rendered":"<p>&nbsp;<\/p>\n<ul>\n<li>pakelia plaukus, suteikia purumo, tankumo, tod\u0117l kailis atrodo labai \u012fsp\u016bdingos apimties, gerina kailio kokyb\u0119;<\/li>\n<li>sud\u0117tyje n\u0117ra alkoholio, nedaro jokios \u017ealos kailiui, praturtintas vitaminu B12, neleid\u017eian\u010diu veltis plauk\u0173 galiukams ir atstatan\u010diu nat\u016brali\u0105 plauk\u0173 apimt\u012f;<\/li>\n<li>sud\u0117tyje esantys augaliniai proteinai giliai \u012fsiskverbia \u012f od\u0105, maitina ir veikia antialergi\u0161kai, raminan\u010diai;<\/li>\n<li>gerai i\u0161valo kail\u012f, puikiai tinka ruo\u0161iant parodoms.<\/li>\n<\/ul>\n<p>&nbsp;<\/p>\n<p><u>Naudojimas:<\/u><\/p>\n<p>Ypatingai rekomenduojamas \u0161iurk\u0161\u010diaplaukiams ir tank\u0173 kail\u012f turintiems \u0161unims (\u010diau-\u010diau, \u0161picam). Nerekomenduojamas krentan\u010diam kailiui (\u0161i-cu, maltos bi\u0161onams, jork\u0161yro terjerams). Naudojamas gali b\u016bti kaip antras \u0161amp\u016bnas, priklausomai nuo rekomendacij\u0173 atskiroms veisl\u0117ms, po maudymo Brightening \u0161amp\u016bnu arba Reconstructing \u0161amp\u016bnu. Skied\u017eiamas 1:10. Patariama \u0161\u012f \u0161amp\u016bn\u0105 ant kailio palikti 2-3 min., norint gaut optimal\u0173 rezultat\u0105. Po to gerai i\u0161plauti.<\/p>\n","protected":false},"excerpt":{"rendered":"<p>&nbsp; pakelia plaukus, suteikia purumo, tankumo, tod\u0117l kailis atrodo labai \u012fsp\u016bdingos apimties, gerina kailio kokyb\u0119; sud\u0117tyje n\u0117ra alkoholio, nedaro jokios \u017ealos kailiui, praturtintas vitaminu B12, neleid\u017eian\u010diu veltis plauk\u0173 galiukams ir atstatan\u010diu nat\u016brali\u0105 plauk\u0173 apimt\u012f; sud\u0117tyje esantys augaliniai proteinai giliai \u012fsiskverbia \u012f od\u0105, maitina ir veikia antialergi\u0161kai, raminan\u010diai; gerai i\u0161valo kail\u012f, puikiai tinka ruo\u0161iant parodoms. &nbsp; [&hellip;]<\/p>\n","protected":false},"featured_media":654,"template":"","meta":[],"product_brand":[],"product_cat":[58,28],"product_tag":[],"class_list":{"0":"post-316","1":"product","2":"type-product","3":"status-publish","4":"has-post-thumbnail","6":"product_cat-amplify-linija","7":"product_cat-sampunai-p","9":"first","10":"outofstock","11":"taxable","12":"shipping-taxable","13":"purchasable","14":"product-type-variable","15":"has-default-attributes"},"jetpack_sharing_enabled":true,"_links":{"self":[{"href":"https:\/\/rasarta.lt\/index.php?rest_route=\/wp\/v2\/product\/316","targetHints":{"allow":["GET"]}}],"collection":[{"href":"https:\/\/rasarta.lt\/index.php?rest_route=\/wp\/v2\/product"}],"about":[{"href":"https:\/\/rasarta.lt\/index.php?rest_route=\/wp\/v2\/types\/product"}],"wp:featuredmedia":[{"embeddable":true,"href":"https:\/\/rasarta.lt\/index.php?rest_route=\/wp\/v2\/media\/654"}],"wp:attachment":[{"href":"https:\/\/rasarta.lt\/index.php?rest_route=%2Fwp%2Fv2%2Fmedia&parent=316"}],"wp:term":[{"taxonomy":"product_brand","embeddable":true,"href":"https:\/\/rasarta.lt\/index.php?rest_route=%2Fwp%2Fv2%2Fproduct_brand&post=316"},{"taxonomy":"product_cat","embeddable":true,"href":"https:\/\/rasarta.lt\/index.php?rest_route=%2Fwp%2Fv2%2Fproduct_cat&post=316"},{"taxonomy":"product_tag","embeddable":true,"href":"https:\/\/rasarta.lt\/index.php?rest_route=%2Fwp%2Fv2%2Fproduct_tag&post=316"}],"curies":[{"name":"wp","href":"https:\/\/api.w.org\/{rel}","templated":true}]}}