{"id":310,"date":"2021-02-02T09:21:08","date_gmt":"2021-02-02T09:21:08","guid":{"rendered":"http:\/\/rasarta.lt\/?post_type=product&#038;p=310"},"modified":"2026-03-14T18:23:32","modified_gmt":"2026-03-14T16:23:32","slug":"pure-paws-reconstructing-kondicionierius","status":"publish","type":"product","link":"https:\/\/rasarta.lt\/?product=pure-paws-reconstructing-kondicionierius","title":{"rendered":"Pure Paws Reconstructing kondicionierius"},"content":{"rendered":"<ul>\n<li>speciali \u0161io kondicionieriaus formul\u0117 su termoaktyvatoriais, sukurta ypatingam odos ir kailio dr\u0117kinimui, gr\u0105\u017einant dr\u0117gm\u0119, prarast\u0105 da\u017en\u0173 maudym\u0173, d\u017eiovi &#8211; nimo fenu, ilgo buvimo saul\u0117je ir v\u0117jyje metu;<\/li>\n<li>praturtintas nat\u016braliais vitaminais ir antioksidantais, kurie s\u0105lygoja greit\u0105 ir sveik\u0105 kailio augim\u0105;<\/li>\n<li>apsaugo kail\u012f nuo pa\u017eeidim\u0173, esan\u010dios oseino ir omega &#8211; 9 r\u016bg\u0161tys papildomai dr\u0117kina kail\u012f ir od\u0105;<\/li>\n<li>priduoda kailiui apimties ir ypatingo blizgesio;<\/li>\n<li>puiki priemon\u0117 ruo\u0161iant \u0161uniuk\u0105 parodai, plaukas tampa \u017eymiai paklusnesnis ir elastingesnis, apsaugotas nuo susiv\u0117lim\u0173;<\/li>\n<\/ul>\n<p><u>Naudojimas:<\/u><\/p>\n<p>Gali b\u016bt naudojamas tarp parod\u0173 ir ruo\u0161iant parodoms. Naudojamas po maudymo Pure Paws firmos \u0161amp\u016bnais, priklausomai nuo rekomendacij\u0173 atskiroms veisl\u0117ms. Gali b\u016bt naudojamas kartu su Ultra Silk Cream. Skied\u017eiamas santykiu 1:10. Palaikyti apie 5-10 min. Jei j\u016bs\u0173 augintinio kailis reikalauja itin geresn\u0117s prie\u017ei\u016bros, tai kondicionieri\u0173 galima tik dalinai praskalauti vandeniu, kad dalis likt\u0173 ant kailio giliam plauko kondicionavimui.<\/p>\n","protected":false},"excerpt":{"rendered":"<p>speciali \u0161io kondicionieriaus formul\u0117 su termoaktyvatoriais, sukurta ypatingam odos ir kailio dr\u0117kinimui, gr\u0105\u017einant dr\u0117gm\u0119, prarast\u0105 da\u017en\u0173 maudym\u0173, d\u017eiovi &#8211; nimo fenu, ilgo buvimo saul\u0117je ir v\u0117jyje metu; praturtintas nat\u016braliais vitaminais ir antioksidantais, kurie s\u0105lygoja greit\u0105 ir sveik\u0105 kailio augim\u0105; apsaugo kail\u012f nuo pa\u017eeidim\u0173, esan\u010dios oseino ir omega &#8211; 9 r\u016bg\u0161tys papildomai dr\u0117kina kail\u012f ir od\u0105; [&hellip;]<\/p>\n","protected":false},"featured_media":629,"template":"","meta":[],"product_brand":[],"product_cat":[30,59],"product_tag":[],"class_list":{"0":"post-310","1":"product","2":"type-product","3":"status-publish","4":"has-post-thumbnail","6":"product_cat-pure-paws-kondicionieriai","7":"product_cat-reconstructing-linija","9":"first","10":"outofstock","11":"taxable","12":"shipping-taxable","13":"purchasable","14":"product-type-variable","15":"has-default-attributes"},"jetpack_sharing_enabled":true,"_links":{"self":[{"href":"https:\/\/rasarta.lt\/index.php?rest_route=\/wp\/v2\/product\/310","targetHints":{"allow":["GET"]}}],"collection":[{"href":"https:\/\/rasarta.lt\/index.php?rest_route=\/wp\/v2\/product"}],"about":[{"href":"https:\/\/rasarta.lt\/index.php?rest_route=\/wp\/v2\/types\/product"}],"wp:featuredmedia":[{"embeddable":true,"href":"https:\/\/rasarta.lt\/index.php?rest_route=\/wp\/v2\/media\/629"}],"wp:attachment":[{"href":"https:\/\/rasarta.lt\/index.php?rest_route=%2Fwp%2Fv2%2Fmedia&parent=310"}],"wp:term":[{"taxonomy":"product_brand","embeddable":true,"href":"https:\/\/rasarta.lt\/index.php?rest_route=%2Fwp%2Fv2%2Fproduct_brand&post=310"},{"taxonomy":"product_cat","embeddable":true,"href":"https:\/\/rasarta.lt\/index.php?rest_route=%2Fwp%2Fv2%2Fproduct_cat&post=310"},{"taxonomy":"product_tag","embeddable":true,"href":"https:\/\/rasarta.lt\/index.php?rest_route=%2Fwp%2Fv2%2Fproduct_tag&post=310"}],"curies":[{"name":"wp","href":"https:\/\/api.w.org\/{rel}","templated":true}]}}