{"id":298,"date":"2021-02-02T08:20:12","date_gmt":"2021-02-02T08:20:12","guid":{"rendered":"http:\/\/rasarta.lt\/?post_type=product&#038;p=298"},"modified":"2023-05-23T15:10:18","modified_gmt":"2023-05-23T13:10:18","slug":"pure-paws-reconstructing-sampunas","status":"publish","type":"product","link":"https:\/\/rasarta.lt\/?product=pure-paws-reconstructing-sampunas","title":{"rendered":"Pure Paws Reconstructing \u0161amp\u016bnas"},"content":{"rendered":"<ul>\n<li>atstato kail\u012f, stabdo plauk\u0173 l\u016b\u017ein\u0117jim\u0105 ir v\u0117lim\u0105si;<\/li>\n<li>unikalus vitamin\u0173 kompleksas dr\u0117kina ir apsaugo plaukus ir od\u0105, stimuliuoja gra\u017ei\u0173 ir sveik\u0173 plauk\u0173 augim\u0105;<\/li>\n<li>tinka visiems kaili\u0173 tipams, gerina kailio kokyb\u0119, suteikia nat\u016brali\u0105 kailio apimt\u012f ir elastingum\u0105, gerina plauko tekst\u016br\u0105 ir pigmentacij\u0105;<\/li>\n<li>gali b\u016bt naudojamas \u0161uniukams kaip pirmasis \u0161amp\u016bnas;<\/li>\n<li>dr\u0117kina kail\u012f ir od\u0105, nesausindamas j\u0173, tod\u0117l gali b\u016bt naudojamas pakankamai da\u017enai, priklausomai nuo poreikio;<\/li>\n<\/ul>\n<p><u>Naudojimas:<\/u><\/p>\n<p>Naudojamas kaip kail\u012f atstatanti priemon\u0117. Jis pagamintas i\u0161 nat\u016brali\u0173 med\u017eiag\u0173, tod\u0117l jis gali b\u016bti naudojamas ir kiekvien\u0105 dien\u0105. Jis tinka ypa\u010d jautriai odai, \u0161uniukams ir maitinan\u010dioms kal\u0117ms. Skied\u017eiamas 1:10 \u0161iltu vandeniu. Jei prie\u0161 tai buvo naudota aliejin\u0117 ar parodom skirta kosmetika, patartina prie\u0161 \u0161\u012f \u0161amp\u016bn\u0105 naudoti valom\u0105j\u012f\u00a0<i>Ultra Brigtening Shampoo<\/i>.<\/p>\n","protected":false},"excerpt":{"rendered":"<p>atstato kail\u012f, stabdo plauk\u0173 l\u016b\u017ein\u0117jim\u0105 ir v\u0117lim\u0105si; unikalus vitamin\u0173 kompleksas dr\u0117kina ir apsaugo plaukus ir od\u0105, stimuliuoja gra\u017ei\u0173 ir sveik\u0173 plauk\u0173 augim\u0105; tinka visiems kaili\u0173 tipams, gerina kailio kokyb\u0119, suteikia nat\u016brali\u0105 kailio apimt\u012f ir elastingum\u0105, gerina plauko tekst\u016br\u0105 ir pigmentacij\u0105; gali b\u016bt naudojamas \u0161uniukams kaip pirmasis \u0161amp\u016bnas; dr\u0117kina kail\u012f ir od\u0105, nesausindamas j\u0173, tod\u0117l gali [&hellip;]<\/p>\n","protected":false},"featured_media":678,"template":"","meta":[],"product_brand":[],"product_cat":[28,59],"product_tag":[],"class_list":{"0":"post-298","1":"product","2":"type-product","3":"status-publish","4":"has-post-thumbnail","6":"product_cat-sampunai-p","7":"product_cat-reconstructing-linija","9":"first","10":"outofstock","11":"taxable","12":"shipping-taxable","13":"purchasable","14":"product-type-variable","15":"has-default-attributes"},"jetpack_sharing_enabled":true,"_links":{"self":[{"href":"https:\/\/rasarta.lt\/index.php?rest_route=\/wp\/v2\/product\/298","targetHints":{"allow":["GET"]}}],"collection":[{"href":"https:\/\/rasarta.lt\/index.php?rest_route=\/wp\/v2\/product"}],"about":[{"href":"https:\/\/rasarta.lt\/index.php?rest_route=\/wp\/v2\/types\/product"}],"wp:featuredmedia":[{"embeddable":true,"href":"https:\/\/rasarta.lt\/index.php?rest_route=\/wp\/v2\/media\/678"}],"wp:attachment":[{"href":"https:\/\/rasarta.lt\/index.php?rest_route=%2Fwp%2Fv2%2Fmedia&parent=298"}],"wp:term":[{"taxonomy":"product_brand","embeddable":true,"href":"https:\/\/rasarta.lt\/index.php?rest_route=%2Fwp%2Fv2%2Fproduct_brand&post=298"},{"taxonomy":"product_cat","embeddable":true,"href":"https:\/\/rasarta.lt\/index.php?rest_route=%2Fwp%2Fv2%2Fproduct_cat&post=298"},{"taxonomy":"product_tag","embeddable":true,"href":"https:\/\/rasarta.lt\/index.php?rest_route=%2Fwp%2Fv2%2Fproduct_tag&post=298"}],"curies":[{"name":"wp","href":"https:\/\/api.w.org\/{rel}","templated":true}]}}