{"id":281,"date":"2021-02-01T19:42:24","date_gmt":"2021-02-01T17:42:24","guid":{"rendered":"http:\/\/rasarta.lt\/?post_type=product&#038;p=281"},"modified":"2023-07-19T18:06:03","modified_gmt":"2023-07-19T16:06:03","slug":"pure-paws-moisturizing-purskalas","status":"publish","type":"product","link":"https:\/\/rasarta.lt\/?product=pure-paws-moisturizing-purskalas","title":{"rendered":"Pure Paws Moisturizing pur\u0161kalas"},"content":{"rendered":"<div class=\"o9v6fnle cxmmr5t8 oygrvhab hcukyx3x c1et5uql ii04i59q\">\n<div dir=\"auto\">Itin dr\u0117kinanti formul\u0117, kuri akimirksniu prideda dr\u0117gm\u0117s odai ir kailiui. \u0160io pur\u0161kalo subalansuotas pH padeda idealiai i\u0161laikyti kailio ir odos dr\u0117gm\u0119 ir atkurti plauk\u0173 lankstum\u0105.<\/div>\n<div dir=\"auto\">\u00a0i\u0161skirtinai praturtintas vitaminuo E ir taukmed\u017eio sviesto ingredientais, kurie suteikia gyvybi\u0161kai svarbi\u0173 maistini\u0173 med\u017eiag\u0173 odai dr\u0117kinti ir apsaugoti.<\/div>\n<div dir=\"auto\"><\/div>\n<\/div>\n<div class=\"o9v6fnle cxmmr5t8 oygrvhab hcukyx3x c1et5uql ii04i59q\">\n<div dir=\"auto\">Naudojimas:<\/div>\n<div dir=\"auto\"><\/div>\n<div dir=\"auto\">spr\u0117jus naudojamas kasdienei kailio prie\u017ei\u016brai. Sauso kailio \u0161ukuoti negalima, nes jis elektrinasi ir l\u016b\u017ein\u0117ja, tampa sausas ir \u0161iurk\u0161tus.<\/div>\n<div dir=\"auto\">Lengvai apipurk\u0161kite \u0161uniuko kail\u012f, ranka pakeldami plaukus, kad spr\u0117jaus dulksna pakli\u016bt\u0173 ir \u012f gilesnius kailio sluoksnius iki pat odos. Pra\u0161ukuokite kail\u012f, kad nelikt\u0173 sav\u0117l\u0173. Spr\u0117j\u0173 galima naudoti ant sauso kailio kasdien per\u0161ukuojant, arba ant \u0161lapio prie\u0161 d\u017eiovinim\u0105.<\/div>\n<\/div>\n","protected":false},"excerpt":{"rendered":"<p>Itin dr\u0117kinanti formul\u0117, kuri akimirksniu prideda dr\u0117gm\u0117s odai ir kailiui. \u0160io pur\u0161kalo subalansuotas pH padeda idealiai i\u0161laikyti kailio ir odos dr\u0117gm\u0119 ir atkurti plauk\u0173 lankstum\u0105. \u00a0i\u0161skirtinai praturtintas vitaminuo E ir taukmed\u017eio sviesto ingredientais, kurie suteikia gyvybi\u0161kai svarbi\u0173 maistini\u0173 med\u017eiag\u0173 odai dr\u0117kinti ir apsaugoti. Naudojimas: spr\u0117jus naudojamas kasdienei kailio prie\u017ei\u016brai. Sauso kailio \u0161ukuoti negalima, nes jis [&hellip;]<\/p>\n","protected":false},"featured_media":619,"template":"","meta":[],"product_brand":[],"product_cat":[31],"product_tag":[],"class_list":{"0":"post-281","1":"product","2":"type-product","3":"status-publish","4":"has-post-thumbnail","6":"product_cat-pure-paws-purskalai","8":"first","9":"instock","10":"taxable","11":"shipping-taxable","12":"purchasable","13":"product-type-variable","14":"has-default-attributes"},"jetpack_sharing_enabled":true,"_links":{"self":[{"href":"https:\/\/rasarta.lt\/index.php?rest_route=\/wp\/v2\/product\/281","targetHints":{"allow":["GET"]}}],"collection":[{"href":"https:\/\/rasarta.lt\/index.php?rest_route=\/wp\/v2\/product"}],"about":[{"href":"https:\/\/rasarta.lt\/index.php?rest_route=\/wp\/v2\/types\/product"}],"wp:featuredmedia":[{"embeddable":true,"href":"https:\/\/rasarta.lt\/index.php?rest_route=\/wp\/v2\/media\/619"}],"wp:attachment":[{"href":"https:\/\/rasarta.lt\/index.php?rest_route=%2Fwp%2Fv2%2Fmedia&parent=281"}],"wp:term":[{"taxonomy":"product_brand","embeddable":true,"href":"https:\/\/rasarta.lt\/index.php?rest_route=%2Fwp%2Fv2%2Fproduct_brand&post=281"},{"taxonomy":"product_cat","embeddable":true,"href":"https:\/\/rasarta.lt\/index.php?rest_route=%2Fwp%2Fv2%2Fproduct_cat&post=281"},{"taxonomy":"product_tag","embeddable":true,"href":"https:\/\/rasarta.lt\/index.php?rest_route=%2Fwp%2Fv2%2Fproduct_tag&post=281"}],"curies":[{"name":"wp","href":"https:\/\/api.w.org\/{rel}","templated":true}]}}