{"id":175,"date":"2021-02-01T17:59:41","date_gmt":"2021-02-01T17:59:41","guid":{"rendered":"http:\/\/rasarta.lt\/?post_type=product&#038;p=175"},"modified":"2023-10-04T20:26:55","modified_gmt":"2023-10-04T18:26:55","slug":"purepaws-factor-zero-sampunas","status":"publish","type":"product","link":"https:\/\/rasarta.lt\/?product=purepaws-factor-zero-sampunas","title":{"rendered":"PurePaws Factor Zero \u0161amp\u016bnas"},"content":{"rendered":"<ul>\n<li>super valantis \u0161amp\u016bnas;<\/li>\n<li>tokio \u0161varaus kailio j\u016bs\u0173 \u0161unelis dar niekad netur\u0117jo!;<\/li>\n<li>i\u0161bandykite \u0161\u012f \u0161amp\u016bn\u0105 ir j\u016bs\u0173 \u0161unelio kailis bus \u0161varus lyg kri\u0161tolas;<\/li>\n<li>\u0161amp\u016bnas suteiks kailiui \u201egeneti\u0161kai nulin\u012f\u201c ta\u0161k\u0105, nuo kurio gal\u0117site ruo\u0161ti kail\u012f tolimesniam groomingui su bet kuria Pure Paws linija;<\/li>\n<li>sud\u0117tyje yra daug \u012fvairi\u0173 valan\u010di\u0173 priemoni\u0173, tod\u0117l \u0161io \u0161amp\u016bno pagalba galima \u012fveikti \u012fvairios kilm\u0117s ne\u0161varumus nepakenkiant plauko strukt\u016brai;<\/li>\n<li>nesausina ir ne\u017ealoja plauko. Visi\u0161kai nepavojingas bet kokio tipo ir atspalvio kailiui;<\/li>\n<\/ul>\n<p><u>Naudojimas:<\/u><\/p>\n<p>Naudojamas kaip pagrindinis \u0161amp\u016bnas visi\u0161kam kailio i\u0161valymui nuo bet kokios kilm\u0117s ne\u0161varum\u0173. Naudojamas atskiestas santykiu 1:10. Po i\u0161prausimo kailis kruop\u0161\u010diai i\u0161skalaujamas. \u0160amp\u016bnas nekei\u010dia kailio strukt\u016bros, tod\u0117l tinka vis\u0173 veisli\u0173 \u0161uniukams. Po \u0161io \u0161amp\u016bno naudojama ka\u017ekuri i\u0161 <i>Pure Paws<\/i>\u00a0produkt\u0173 linij\u0173 \u2013\u00a0<i>H2O<\/i>,\u00a0<i>Classic<\/i>,\u00a0<i>Terrier Touch<\/i>,\u00a0<i>Aloe Vera<\/i>\u00a0ar\u00a0<i>Forte<\/i>.<\/p>\n<p>&nbsp;<\/p>\n","protected":false},"excerpt":{"rendered":"<p>super valantis \u0161amp\u016bnas; tokio \u0161varaus kailio j\u016bs\u0173 \u0161unelis dar niekad netur\u0117jo!; i\u0161bandykite \u0161\u012f \u0161amp\u016bn\u0105 ir j\u016bs\u0173 \u0161unelio kailis bus \u0161varus lyg kri\u0161tolas; \u0161amp\u016bnas suteiks kailiui \u201egeneti\u0161kai nulin\u012f\u201c ta\u0161k\u0105, nuo kurio gal\u0117site ruo\u0161ti kail\u012f tolimesniam groomingui su bet kuria Pure Paws linija; sud\u0117tyje yra daug \u012fvairi\u0173 valan\u010di\u0173 priemoni\u0173, tod\u0117l \u0161io \u0161amp\u016bno pagalba galima \u012fveikti \u012fvairios kilm\u0117s [&hellip;]<\/p>\n","protected":false},"featured_media":602,"template":"","meta":[],"product_brand":[],"product_cat":[28,56],"product_tag":[],"class_list":{"0":"post-175","1":"product","2":"type-product","3":"status-publish","4":"has-post-thumbnail","6":"product_cat-sampunai-p","7":"product_cat-star-linija","9":"first","10":"outofstock","11":"taxable","12":"shipping-taxable","13":"purchasable","14":"product-type-variable","15":"has-default-attributes"},"jetpack_sharing_enabled":true,"_links":{"self":[{"href":"https:\/\/rasarta.lt\/index.php?rest_route=\/wp\/v2\/product\/175","targetHints":{"allow":["GET"]}}],"collection":[{"href":"https:\/\/rasarta.lt\/index.php?rest_route=\/wp\/v2\/product"}],"about":[{"href":"https:\/\/rasarta.lt\/index.php?rest_route=\/wp\/v2\/types\/product"}],"wp:featuredmedia":[{"embeddable":true,"href":"https:\/\/rasarta.lt\/index.php?rest_route=\/wp\/v2\/media\/602"}],"wp:attachment":[{"href":"https:\/\/rasarta.lt\/index.php?rest_route=%2Fwp%2Fv2%2Fmedia&parent=175"}],"wp:term":[{"taxonomy":"product_brand","embeddable":true,"href":"https:\/\/rasarta.lt\/index.php?rest_route=%2Fwp%2Fv2%2Fproduct_brand&post=175"},{"taxonomy":"product_cat","embeddable":true,"href":"https:\/\/rasarta.lt\/index.php?rest_route=%2Fwp%2Fv2%2Fproduct_cat&post=175"},{"taxonomy":"product_tag","embeddable":true,"href":"https:\/\/rasarta.lt\/index.php?rest_route=%2Fwp%2Fv2%2Fproduct_tag&post=175"}],"curies":[{"name":"wp","href":"https:\/\/api.w.org\/{rel}","templated":true}]}}