{"id":1386,"date":"2022-02-19T22:27:02","date_gmt":"2022-02-19T20:27:02","guid":{"rendered":"https:\/\/rasarta.lt\/?post_type=product&#038;p=1386"},"modified":"2026-01-13T12:01:17","modified_gmt":"2026-01-13T10:01:17","slug":"true-iconic-snow-flakes-pudra","status":"publish","type":"product","link":"https:\/\/rasarta.lt\/?product=true-iconic-snow-flakes-pudra","title":{"rendered":"True Iconic Snow Flakes pudra"},"content":{"rendered":"<p>Valanti pudra tankiam ir mink\u0161tam kailiui, priduoda kailiui ry\u0161kumo ir gerai \u012fsisavinama \u012f gilesnius kailio sluoksnius, nekei\u010dia kailio strukt\u016bros. Puikiai valo ir dezodoruoja kail\u012f. Labai gerai absorbuoja dr\u0117gm\u0117s ir riebal\u0173 pertekli\u0173. Nuostabiai pa\u0161alina ir maskuoja daugyb\u0119 d\u0117mi\u0173 (seili\u0173, a\u0161ar\u0173, \u0161lapimo ir t.t.).<\/p>\n<p>Kiekis: 250 g<\/p>\n","protected":false},"excerpt":{"rendered":"<p>Valanti pudra tankiam ir mink\u0161tam kailiui, priduoda kailiui ry\u0161kumo ir gerai \u012fsisavinama \u012f gilesnius kailio sluoksnius, nekei\u010dia kailio strukt\u016bros. Puikiai valo ir dezodoruoja kail\u012f. Labai gerai absorbuoja dr\u0117gm\u0117s ir riebal\u0173 pertekli\u0173. Nuostabiai pa\u0161alina ir maskuoja daugyb\u0119 d\u0117mi\u0173 (seili\u0173, a\u0161ar\u0173, \u0161lapimo ir t.t.). Kiekis: 250 g<\/p>\n","protected":false},"featured_media":1384,"template":"","meta":[],"product_brand":[84],"product_cat":[21],"product_tag":[85,86,87],"class_list":{"0":"post-1386","1":"product","2":"type-product","3":"status-publish","4":"has-post-thumbnail","6":"product_brand-true-iconic","7":"product_cat-kita","8":"product_tag-pudra","9":"product_tag-true-iconic","10":"product_tag-true-iconic-snow-flakes-pudra","12":"first","13":"instock","14":"taxable","15":"shipping-taxable","16":"purchasable","17":"product-type-variable","18":"has-default-attributes"},"jetpack_sharing_enabled":true,"_links":{"self":[{"href":"https:\/\/rasarta.lt\/index.php?rest_route=\/wp\/v2\/product\/1386","targetHints":{"allow":["GET"]}}],"collection":[{"href":"https:\/\/rasarta.lt\/index.php?rest_route=\/wp\/v2\/product"}],"about":[{"href":"https:\/\/rasarta.lt\/index.php?rest_route=\/wp\/v2\/types\/product"}],"wp:featuredmedia":[{"embeddable":true,"href":"https:\/\/rasarta.lt\/index.php?rest_route=\/wp\/v2\/media\/1384"}],"wp:attachment":[{"href":"https:\/\/rasarta.lt\/index.php?rest_route=%2Fwp%2Fv2%2Fmedia&parent=1386"}],"wp:term":[{"taxonomy":"product_brand","embeddable":true,"href":"https:\/\/rasarta.lt\/index.php?rest_route=%2Fwp%2Fv2%2Fproduct_brand&post=1386"},{"taxonomy":"product_cat","embeddable":true,"href":"https:\/\/rasarta.lt\/index.php?rest_route=%2Fwp%2Fv2%2Fproduct_cat&post=1386"},{"taxonomy":"product_tag","embeddable":true,"href":"https:\/\/rasarta.lt\/index.php?rest_route=%2Fwp%2Fv2%2Fproduct_tag&post=1386"}],"curies":[{"name":"wp","href":"https:\/\/api.w.org\/{rel}","templated":true}]}}